 y(r) prime?
False
Let v(p) = 14*p + 629. Suppose -6*l + 4*l = -6*l. Is v(l) a composite number?
True
Let u be (1/(3/(-94)))/((-4)/654). Let l = u + -3064. Is l a composite number?
True
Suppose 26*p + 24826 = 28*p. Suppose 14*b - 1125 = p. Is b prime?
True
Suppose k + 27*k = 1806980. Is k composite?
True
Let o = 18481 - 11540. Is o composite?
True
Suppose -d + 32 = d. Suppose 3*n - 2 - d = 0. Is (111/n)/((-3)/(-6)) composite?
False
Let o(y) = 1141*y**3 - 2*y**2 + 2. Is o(1) prime?
False
Let c = -13 + 20. Let b = c - -79. Suppose t - b + 15 = 0. Is t a prime number?
True
Suppose 0 = -4*k + g + 65, 5*k - 5*g - 100 = -10*g. Suppose 2*x - 55 = -k. Is x composite?
False
Is ((-3156)/8 + 2)/((-2)/4) a composite number?
True
Suppose 3*o - 2*k = -1293, 0 = -2*k - 0*k. Let x = -276 - o. Is x a composite number?
True
Suppose 2*t = -0*t - 22. Let s(b) = -21 - 12*b - 9*b + 22*b - 5*b + 2*b**2. Is s(t) a composite number?
True
Let w = 29734 + -17411. Is w composite?
False
Let r(c) = 21*c**2 + 2*c - 26. Is r(-9) composite?
False
Let b(w) = -w**3 + 21*w**2 + 43*w - 53. Is b(18) a prime number?
True
Suppose -80076 - 123282 = -6*x. Is x prime?
True
Let r = 89 - 89. Is 2 - (r - (-6)/(-4))*2446 composite?
False
Is (-3 - -7 - 5)*-2653 a prime number?
False
Suppose 4*q - z = 2*z + 3721, -5*q - 5*z = -4695. Suppose 50*f = 48*f + q. Is f a prime number?
True
Let i(t) = 3*t**2 + 4*t + 3. Let b be i(-1). Let p(l) = 221*l**2 - 5*l + 3. Is p(b) composite?
False
Let g = -16266 - -25573. Is g a composite number?
True
Let c(x) be the third derivative of -x**6/60 - x**5/5 - x**4/6 + 13*x**3/6 + 12*x**2. Is c(-9) prime?
False
Suppose 19 = 4*k + 7. Suppose k*f - 3012 = -3*f. Is f a composite number?
True
Suppose 0 = -j + 4*s + 1, -3*j + 57 = s - 11. Suppose 2*d - 479 = -4*c - j, -3*c - 3*d = -336. Let r = 328 - c. Is r a prime number?
True
Let p be 2/(-6)*3*4094. Let z = p - -7167. Is z a composite number?
True
Let b be 3 + (3 - 5) - -2. Suppose -2*n = 4*z - 18, 0 = -b*z - 3*n - 0 + 12. Suppose -z*f - 664 = -9*f. Is f prime?
False
Suppose r = -q + 3, 0 = -q - 5*r - 4 + 15. Let s be q/(-6) - 78/(-36). Suppose -2*w - s*y = -y - 875, 0 = w + y - 436. Is w composite?
False
Let u(w) = 16*w - 3. Let s be u(-11). Let d = -50 - s. Is d a prime number?
False
Let d(t) = 6*t - 11*t + 0*t + 27. Let u be d(12). Let f = u - -52. Is f a prime number?
True
Suppose -3*m - 4*m + 35 = 0. Let v be ((-9315)/(-6))/m*2. Suppose 5*y = 5*b + 810, 3*y + y - v = -5*b. Is y a composite number?
True
Suppose i = 2*i - 18. Suppose -v - 2*v - i = 0. Is 101/3 - (-4)/v prime?
False
Let m(j) = j**3 + j - 4. Let z be 3 - (2/1 - 17). Let d = 21 - z. Is m(d) prime?
False
Let p(j) = -764*j**3 - 2*j**2 - j + 3. Is p(-2) a prime number?
False
Is ((-12591)/27)/(1/(-3)) prime?
True
Suppose -2*p = p - 12. Let z(k) be the second derivative of -k**4/12 + k**3 - 5*k**2/2 - 17*k. Is z(p) a prime number?
True
Let q = -361 + 1367. Let i = -645 + q. Is i composite?
True
Let o be ((-12)/14)/((-10)/35). Suppose 4*f + h - 164 = o*f, -2*h = -4*f + 650. Is f a prime number?
True
Let r(b) = 537*b - 250. Is r(13) prime?
False
Let z be 121/33 - 2/3. Suppose h - 2*x = -962, -4477 + 1555 = z*h + 3*x. Is h/(-6) - 2/3 prime?
False
Let i = -14006 - -23697. Is i a composite number?
True
Let b(p) = p**2 + 2*p + 2. Let c be b(-2). Suppose -m + 2*m = l - 18, c*m + 20 = l. Let t = l + 3. Is t a prime number?
True
Let b(c) = c. Let j(d) = -354*d + 13. Let h(v) = -2*b(v) - j(v). Is h(2) a composite number?
False
Suppose -4 - 3 = -u. Let p(b) = 153*b + 16. Is p(u) a prime number?
True
Let h = -2176 + 3920. Let a = -531 + h. Is a composite?
False
Suppose 18*d - 14827 = 101183. Is d a prime number?
False
Let a = 1838 - 153. Is a prime?
False
Let b be (-1 + 438/(-10))*-5. Suppose -d = -5*d + b. Suppose 2*q = 4*h + q - d, 3*q + 12 = 0. Is h prime?
True
Suppose 3*m = -y + 415, 5*y - 14*m = -10*m + 2037. Is y a prime number?
True
Suppose 0 = -4*l + 11 - 27, -3*n = -l - 48553. Is n a prime number?
True
Let x(o) = -4*o**3 + 9*o**2 - 7*o - 6. Let t(l) = 5*l**3 - 10*l**2 + 7*l + 5. Let f(p) = 3*t(p) + 4*x(p). Is f(-7) a composite number?
False
Suppose 628395 = 57*s + 30636. Is s prime?
True
Suppose 44725 + 4177 = 14*d. Is d prime?
False
Suppose 0 = 2*c + 5*y - 239, 0 = 5*c + 2*y - 335 - 294. Is c prime?
True
Suppose 0 = -9*f + 1511 + 388. Is f a prime number?
True
Suppose 22197 = 5*b - 2*q - 2*q, -2*q + 4 = 0. Is b composite?
False
Let g = 1724 - 901. Let v = -444 + g. Suppose u = 2*u + 1, -c - 2*u = -v. Is c prime?
False
Let b = -4 + 260. Let v = 415 - b. Is v a prime number?
False
Suppose 2*u - 3*u + 2 = 0. Let i(x) = -1. Let q(s) = 17*s + 7. Let d(o) = 4*i(o) + q(o). Is d(u) prime?
True
Let n be (1/3)/(3/54). Suppose i = 4*i - n. Suppose 3*d - 4*t = 1237, -i*d + 419 = -d - 3*t. Is d a prime number?
False
Let d(v) = -v + 11. Let c be d(8). Suppose -c*l + 42 + 3723 = 0. Is l prime?
False
Suppose v = -3*v - 3*i + 23, 2*v + i - 11 = 0. Let s(j) = 158*j + v - 12 + 4. Is s(4) a composite number?
True
Is ((-222)/148)/(1 + 138962/(-138956)) a prime number?
True
Is (6/(-4))/(99/(-163878)) composite?
True
Let a = -77 + 14. Is 4038/(-9)*(a/6)/7 a prime number?
True
Let u = -20671 - -62442. Is u composite?
False
Let k(g) = g**2 - 12*g + 16. Let c be k(11). Suppose 11133 = c*u - 5912. Suppose 0 = -6*w - w + u. Is w prime?
True
Let o be 8*(-3)/(-6) - -104. Suppose 3*k - o - 2153 = -5*f, 2*k - 2*f = 1486. Suppose 3*u + k = 6*u. Is u composite?
True
Suppose 44 = b - 3. Let t = -34 + b. Suppose -t = 2*v + 3*u - 90, -2*v + 89 = -u. Is v composite?
False
Suppose 5*k = -2*j + 16, -5*k + 23 - 1 = 4*j. Suppose j*y - 491 = -152. Is y composite?
False
Suppose 102*p - 3199955 = 47*p. Is p a prime number?
False
Let d(r) = r - 2. Let y be 5 + -7 - -2*2. Let g be d(y). Suppose -o - 3*o + 132 = g. Is o composite?
True
Let w = -912 + 14271. Suppose -2*u = 5*z - w, -2*u - 2667 = -4*z + 3*z. Is z a prime number?
True
Suppose -204769 - 207454 = -7*x. Is x a prime number?
True
Is (159094/78)/((-2)/(-6)) prime?
False
Let y = -92 + 54. Let h = 75 + y. Is h composite?
False
Let v(h) = -1 + 3*h + 5 - 5*h + 1. Let a be v(3). Is 3 - a/((-4)/(-224)) composite?
False
Let t be -13 - ((3 - 4) + -3). Let a be 288 - t - (-1 + -3). Let m = a - 174. Is m prime?
True
Let i = 8 - 12. Let q be 2 + (i - -2 - -2). Is (13 + -11)*307/q a prime number?
True
Let x(n) = -n**2. Let k be x(3). Let j = k + 11. Is (-2599)/(-9) - j/(-9) a prime number?
False
Let x be (14 - 3)*3 - -3. Let t = 121 + x. Is t a prime number?
True
Let l = 14 - -1425. Is l prime?
True
Let d(j) = j**3 - 5*j**2 - 6*j + 2. Let v be d(6). Suppose -r - 41 = -v*r. Suppose 5*a - r = -2*p, -2*p = -8*a + 5*a + 31. Is a a composite number?
True
Suppose 23946 = 35*s - 29*s. Is (s/78)/(2/12) a prime number?
True
Suppose 2*o - 3574 = 3*c - 881, -2*c = 4*o - 5426. Is o a composite number?
True
Is 4/6*((-42104)/(-16) + 4) a composite number?
True
Let m be (10/(-3))/((-1)/3). Let z(h) = -38*h**2 + 24*h + 77. Let t(d) = -19*d**2 + 12*d + 41. Let p(g) = 7*t(g) - 4*z(g). Is p(m) prime?
True
Let n(c) = -311*c**3 - 5*c**2 - 8*c + 5. Is n(-4) a prime number?
True
Let i(n) = 7*n**2 - 3*n - 3. Suppose 2*w + 2*x - 12 = 6*x, 5*w = -3*x - 22. Let r = 0 + w. Is i(r) prime?
True
Let n(j) = j**2 - 6*j - 3. Let x be n(7). Let a = 12 - x. Is 98/(0 - a/(-4)) composite?
True
Let g(c) = 3*c**3 - 53*c**2 - 25*c + 49. Is g(22) prime?
True
Let b = 35 + -111. Let n = -55 - b. Is n a prime number?
False
Suppose -u + 2536 = 3*x, -u + 2*x - 5076 = -3*u. Is u prime?
True
Let r(v) = 8*v**2 - 40 + 2*v - 4 - v + 2*v. Is r(9) composite?
False
Let h(b) = 138*b**3 - 9*b**2 + 2*b + 5. Is h(6) prime?
True
Let y(m) = -m**3 + 7*m**2 + m - 2. Let u be y(7). Suppose z = 5*p + 10, -u*p - 2*z + 0 + 5 = 0. Is p/3*(-3 + -468) a composite number?
False
Is (106/(-4))/(3/(-2514)*1) a composite number?
True
Let j = -268 - -773. Let w = 756 - 486. Let v = j - w. Is v a prime number?
False
Let v be -1*(0 - 10) + -1. Let n(z) = 6*z + 0*z**3 + 448*z**2 - 446*z**2 - 4 - 16*z + z**3. Is n(v) prime?
True
Suppose -7*o - 171 = b - 3*o, -5*b - 4*o = 887. Is (b/(-2))/(1/4) a composite number?
True
Let f(j) = -16*j + 3. Let i be f(-5). Is i*4 - 10/(-2) composite?
False
Let i(k) = -2*k + 4. Let t be i(11). L